{"id":27,"date":"2026-03-14T10:24:00","date_gmt":"2026-03-14T10:24:00","guid":{"rendered":"https:\/\/lianil.pt\/?page_id=27"},"modified":"2026-03-17T13:21:21","modified_gmt":"2026-03-17T13:21:21","slug":"home","status":"publish","type":"page","link":"https:\/\/lianil.pt\/","title":{"rendered":"Home"},"content":{"rendered":"\t\t<div data-elementor-type=\"wp-page\" data-elementor-id=\"27\" class=\"elementor elementor-27\">\n\t\t\t\t<div class=\"elementor-element elementor-element-6bf58f5 e-flex e-con-boxed e-con e-parent\" data-id=\"6bf58f5\" data-element_type=\"container\" data-e-type=\"container\" data-settings=\"{&quot;background_background&quot;:&quot;classic&quot;}\">\n\t\t\t\t\t<div class=\"e-con-inner\">\n\t\t\t\t\t<\/div>\n\t\t\t\t<\/div>\n\t\t<div class=\"elementor-element elementor-element-acc0c98 e-flex e-con-boxed e-con e-parent\" data-id=\"acc0c98\" data-element_type=\"container\" data-e-type=\"container\">\n\t\t\t\t\t<div class=\"e-con-inner\">\n\t\t\t\t<div class=\"elementor-element elementor-element-1defe57 elementor-widget elementor-widget-heading\" data-id=\"1defe57\" data-element_type=\"widget\" data-e-type=\"widget\" data-widget_type=\"heading.default\">\n\t\t\t\t\t<h2 class=\"elementor-heading-title elementor-size-default\">\nSobre n\u00f3s...<\/h2>\t\t\t\t<\/div>\n\t\t\t\t<div class=\"elementor-element elementor-element-15dfc44 elementor-widget elementor-widget-text-editor\" data-id=\"15dfc44\" data-element_type=\"widget\" data-e-type=\"widget\" data-widget_type=\"text-editor.default\">\n\t\t\t\t\t\t\t\t\t<p>A Lianil nasceu da vontade de criar projetos que tocam as pessoas.<br \/>Acreditamos que o acolhimento vai muito al\u00e9m de abrir uma porta: \u00e9 criar ambientes que fazem sentir, experi\u00eancias que transformam e mensagens que aproximam.<br \/>Trabalhamos com autenticidade, prop\u00f3sito e aten\u00e7\u00e3o ao detalhe, porque cada cliente, cada experi\u00eancia, cada hist\u00f3ria merecem ser tratadas com verdade.<\/p>\t\t\t\t\t\t\t\t<\/div>\n\t\t\t\t\t<\/div>\n\t\t\t\t<\/div>\n\t\t<div class=\"elementor-element elementor-element-20c870f e-flex e-con-boxed e-con e-parent\" data-id=\"20c870f\" data-element_type=\"container\" data-e-type=\"container\">\n\t\t\t\t\t<div class=\"e-con-inner\">\n\t\t<div class=\"elementor-element elementor-element-306f0f4 e-con-full e-flex e-con e-child\" data-id=\"306f0f4\" data-element_type=\"container\" data-e-type=\"container\">\n\t\t\t\t<div class=\"elementor-element elementor-element-dffef93 elementor-widget elementor-widget-image\" data-id=\"dffef93\" data-element_type=\"widget\" data-e-type=\"widget\" data-widget_type=\"image.default\">\n\t\t\t\t\t\t\t\t\t\t\t\t\t\t\t<img fetchpriority=\"high\" decoding=\"async\" width=\"768\" height=\"509\" src=\"https:\/\/lianil.pt\/wp-content\/uploads\/2026\/03\/Stays-v2-1.png\" class=\"attachment-large size-large wp-image-108\" alt=\"\" srcset=\"https:\/\/lianil.pt\/wp-content\/uploads\/2026\/03\/Stays-v2-1.png 768w, https:\/\/lianil.pt\/wp-content\/uploads\/2026\/03\/Stays-v2-1-300x199.png 300w\" sizes=\"(max-width: 768px) 100vw, 768px\" \/>\t\t\t\t\t\t\t\t\t\t\t\t\t\t\t<\/div>\n\t\t\t\t<\/div>\n\t\t<div class=\"elementor-element elementor-element-c939c04 e-con-full e-flex e-con e-child\" data-id=\"c939c04\" data-element_type=\"container\" data-e-type=\"container\">\n\t\t\t\t<div class=\"elementor-element elementor-element-03fa88c elementor-widget elementor-widget-image\" data-id=\"03fa88c\" data-element_type=\"widget\" data-e-type=\"widget\" data-widget_type=\"image.default\">\n\t\t\t\t\t\t\t\t\t\t\t\t\t\t\t<img decoding=\"async\" width=\"766\" height=\"508\" src=\"https:\/\/lianil.pt\/wp-content\/uploads\/2026\/03\/Hosts-v2-1.png\" class=\"attachment-large size-large wp-image-109\" alt=\"\" srcset=\"https:\/\/lianil.pt\/wp-content\/uploads\/2026\/03\/Hosts-v2-1.png 766w, https:\/\/lianil.pt\/wp-content\/uploads\/2026\/03\/Hosts-v2-1-300x199.png 300w\" sizes=\"(max-width: 766px) 100vw, 766px\" \/>\t\t\t\t\t\t\t\t\t\t\t\t\t\t\t<\/div>\n\t\t\t\t<\/div>\n\t\t<div class=\"elementor-element elementor-element-71f5ad3 e-con-full e-flex e-con e-child\" data-id=\"71f5ad3\" data-element_type=\"container\" data-e-type=\"container\">\n\t\t\t\t<div class=\"elementor-element elementor-element-fbaa179 elementor-widget elementor-widget-image\" data-id=\"fbaa179\" data-element_type=\"widget\" data-e-type=\"widget\" data-widget_type=\"image.default\">\n\t\t\t\t\t\t\t\t\t\t\t\t\t\t\t<img decoding=\"async\" width=\"767\" height=\"515\" src=\"https:\/\/lianil.pt\/wp-content\/uploads\/2026\/03\/Media-v2-1.png\" class=\"attachment-large size-large wp-image-110\" alt=\"\" srcset=\"https:\/\/lianil.pt\/wp-content\/uploads\/2026\/03\/Media-v2-1.png 767w, https:\/\/lianil.pt\/wp-content\/uploads\/2026\/03\/Media-v2-1-300x201.png 300w\" sizes=\"(max-width: 767px) 100vw, 767px\" \/>\t\t\t\t\t\t\t\t\t\t\t\t\t\t\t<\/div>\n\t\t\t\t<\/div>\n\t\t<div class=\"elementor-element elementor-element-f06ebf7 e-con-full e-flex e-con e-child\" data-id=\"f06ebf7\" data-element_type=\"container\" data-e-type=\"container\">\n\t\t\t\t<div class=\"elementor-element elementor-element-d70bf16 elementor-widget elementor-widget-image\" data-id=\"d70bf16\" data-element_type=\"widget\" data-e-type=\"widget\" data-widget_type=\"image.default\">\n\t\t\t\t\t\t\t\t\t\t\t\t\t\t\t<img loading=\"lazy\" decoding=\"async\" width=\"767\" height=\"517\" src=\"https:\/\/lianil.pt\/wp-content\/uploads\/2026\/03\/Fun-v2-1.png\" class=\"attachment-large size-large wp-image-111\" alt=\"\" srcset=\"https:\/\/lianil.pt\/wp-content\/uploads\/2026\/03\/Fun-v2-1.png 767w, https:\/\/lianil.pt\/wp-content\/uploads\/2026\/03\/Fun-v2-1-300x202.png 300w\" sizes=\"(max-width: 767px) 100vw, 767px\" \/>\t\t\t\t\t\t\t\t\t\t\t\t\t\t\t<\/div>\n\t\t\t\t<\/div>\n\t\t\t\t\t<\/div>\n\t\t\t\t<\/div>\n\t\t<div class=\"elementor-element elementor-element-1306a6b e-flex e-con-boxed e-con e-parent\" data-id=\"1306a6b\" data-element_type=\"container\" data-e-type=\"container\">\n\t\t\t\t\t<div class=\"e-con-inner\">\n\t\t<div class=\"elementor-element elementor-element-53dc960 e-con-full e-flex e-con e-child\" data-id=\"53dc960\" data-element_type=\"container\" data-e-type=\"container\" data-settings=\"{&quot;background_background&quot;:&quot;gradient&quot;}\">\n\t\t\t\t<div class=\"elementor-element elementor-element-11b5aa0 elementor-widget elementor-widget-image\" data-id=\"11b5aa0\" data-element_type=\"widget\" data-e-type=\"widget\" data-widget_type=\"image.default\">\n\t\t\t\t\t\t\t\t\t\t\t\t<figure class=\"wp-caption\">\n\t\t\t\t\t\t\t\t\t\t<img loading=\"lazy\" decoding=\"async\" width=\"800\" height=\"534\" src=\"https:\/\/lianil.pt\/wp-content\/uploads\/2026\/03\/Lianil_Stays-1024x683.png\" class=\"attachment-large size-large wp-image-46\" alt=\"\" srcset=\"https:\/\/lianil.pt\/wp-content\/uploads\/2026\/03\/Lianil_Stays-1024x683.png 1024w, https:\/\/lianil.pt\/wp-content\/uploads\/2026\/03\/Lianil_Stays-300x200.png 300w, https:\/\/lianil.pt\/wp-content\/uploads\/2026\/03\/Lianil_Stays-768x512.png 768w, https:\/\/lianil.pt\/wp-content\/uploads\/2026\/03\/Lianil_Stays.png 1536w\" sizes=\"(max-width: 800px) 100vw, 800px\" \/>\t\t\t\t\t\t\t\t\t\t\t<figcaption class=\"widget-image-caption wp-caption-text\">Alojamento <\/figcaption>\n\t\t\t\t\t\t\t\t\t\t<\/figure>\n\t\t\t\t\t\t\t\t\t<\/div>\n\t\t\t\t<\/div>\n\t\t<div class=\"elementor-element elementor-element-73ee8d6 e-con-full e-flex e-con e-child\" data-id=\"73ee8d6\" data-element_type=\"container\" data-e-type=\"container\" data-settings=\"{&quot;background_background&quot;:&quot;classic&quot;}\">\n\t\t\t\t<div class=\"elementor-element elementor-element-4f11be4 elementor-widget__width-auto elementor-widget elementor-widget-image\" data-id=\"4f11be4\" data-element_type=\"widget\" data-e-type=\"widget\" data-widget_type=\"image.default\">\n\t\t\t\t\t\t\t\t\t\t\t\t\t\t\t<img loading=\"lazy\" decoding=\"async\" width=\"800\" height=\"534\" src=\"https:\/\/lianil.pt\/wp-content\/uploads\/2026\/03\/Lianil_Hosts-1024x683.png\" class=\"attachment-large size-large wp-image-49\" alt=\"\" srcset=\"https:\/\/lianil.pt\/wp-content\/uploads\/2026\/03\/Lianil_Hosts-1024x683.png 1024w, https:\/\/lianil.pt\/wp-content\/uploads\/2026\/03\/Lianil_Hosts-300x200.png 300w, https:\/\/lianil.pt\/wp-content\/uploads\/2026\/03\/Lianil_Hosts-768x512.png 768w, https:\/\/lianil.pt\/wp-content\/uploads\/2026\/03\/Lianil_Hosts.png 1536w\" sizes=\"(max-width: 800px) 100vw, 800px\" \/>\t\t\t\t\t\t\t\t\t\t\t\t\t\t\t<\/div>\n\t\t\t\t<\/div>\n\t\t<div class=\"elementor-element elementor-element-1d214ff e-con-full e-flex e-con e-child\" data-id=\"1d214ff\" data-element_type=\"container\" data-e-type=\"container\">\n\t\t\t\t<div class=\"elementor-element elementor-element-57a1426 elementor-widget elementor-widget-image\" data-id=\"57a1426\" data-element_type=\"widget\" data-e-type=\"widget\" data-widget_type=\"image.default\">\n\t\t\t\t\t\t\t\t\t\t\t\t\t\t\t<img loading=\"lazy\" decoding=\"async\" width=\"800\" height=\"534\" src=\"https:\/\/lianil.pt\/wp-content\/uploads\/2026\/03\/Lianil_Media-1024x683.png\" class=\"attachment-large size-large wp-image-47\" alt=\"\" srcset=\"https:\/\/lianil.pt\/wp-content\/uploads\/2026\/03\/Lianil_Media-1024x683.png 1024w, https:\/\/lianil.pt\/wp-content\/uploads\/2026\/03\/Lianil_Media-300x200.png 300w, https:\/\/lianil.pt\/wp-content\/uploads\/2026\/03\/Lianil_Media-768x512.png 768w, https:\/\/lianil.pt\/wp-content\/uploads\/2026\/03\/Lianil_Media.png 1536w\" sizes=\"(max-width: 800px) 100vw, 800px\" \/>\t\t\t\t\t\t\t\t\t\t\t\t\t\t\t<\/div>\n\t\t\t\t<\/div>\n\t\t<div class=\"elementor-element elementor-element-2ce658e e-con-full e-flex e-con e-child\" data-id=\"2ce658e\" data-element_type=\"container\" data-e-type=\"container\">\n\t\t\t\t<div class=\"elementor-element elementor-element-7b2c798 elementor-widget elementor-widget-image\" data-id=\"7b2c798\" data-element_type=\"widget\" data-e-type=\"widget\" data-widget_type=\"image.default\">\n\t\t\t\t\t\t\t\t\t\t\t\t\t\t\t<img loading=\"lazy\" decoding=\"async\" width=\"800\" height=\"534\" src=\"https:\/\/lianil.pt\/wp-content\/uploads\/2026\/03\/Lianil_Fun-1024x683.png\" class=\"attachment-large size-large wp-image-48\" alt=\"\" srcset=\"https:\/\/lianil.pt\/wp-content\/uploads\/2026\/03\/Lianil_Fun-1024x683.png 1024w, https:\/\/lianil.pt\/wp-content\/uploads\/2026\/03\/Lianil_Fun-300x200.png 300w, https:\/\/lianil.pt\/wp-content\/uploads\/2026\/03\/Lianil_Fun-768x512.png 768w, https:\/\/lianil.pt\/wp-content\/uploads\/2026\/03\/Lianil_Fun.png 1536w\" sizes=\"(max-width: 800px) 100vw, 800px\" \/>\t\t\t\t\t\t\t\t\t\t\t\t\t\t\t<\/div>\n\t\t\t\t<\/div>\n\t\t\t\t\t<\/div>\n\t\t\t\t<\/div>\n\t\t\t\t<\/div>\n\t\t","protected":false},"excerpt":{"rendered":"<p>Sobre n\u00f3s&#8230; A Lianil nasceu da vontade de criar projetos que tocam as pessoas.Acreditamos que o acolhimento vai muito al\u00e9m de abrir uma porta: \u00e9 criar ambientes que fazem sentir, experi\u00eancias que transformam e mensagens que aproximam.Trabalhamos com autenticidade, prop\u00f3sito e aten\u00e7\u00e3o ao detalhe, porque cada cliente, cada experi\u00eancia, cada hist\u00f3ria merecem ser tratadas com [&hellip;]<\/p>\n","protected":false},"author":1,"featured_media":0,"parent":0,"menu_order":0,"comment_status":"closed","ping_status":"closed","template":"","meta":{"footnotes":""},"class_list":["post-27","page","type-page","status-publish","hentry"],"_links":{"self":[{"href":"https:\/\/lianil.pt\/index.php?rest_route=\/wp\/v2\/pages\/27","targetHints":{"allow":["GET"]}}],"collection":[{"href":"https:\/\/lianil.pt\/index.php?rest_route=\/wp\/v2\/pages"}],"about":[{"href":"https:\/\/lianil.pt\/index.php?rest_route=\/wp\/v2\/types\/page"}],"author":[{"embeddable":true,"href":"https:\/\/lianil.pt\/index.php?rest_route=\/wp\/v2\/users\/1"}],"replies":[{"embeddable":true,"href":"https:\/\/lianil.pt\/index.php?rest_route=%2Fwp%2Fv2%2Fcomments&post=27"}],"version-history":[{"count":47,"href":"https:\/\/lianil.pt\/index.php?rest_route=\/wp\/v2\/pages\/27\/revisions"}],"predecessor-version":[{"id":116,"href":"https:\/\/lianil.pt\/index.php?rest_route=\/wp\/v2\/pages\/27\/revisions\/116"}],"wp:attachment":[{"href":"https:\/\/lianil.pt\/index.php?rest_route=%2Fwp%2Fv2%2Fmedia&parent=27"}],"curies":[{"name":"wp","href":"https:\/\/api.w.org\/{rel}","templated":true}]}}